{"id":3795,"date":"2024-03-08T14:37:27","date_gmt":"2024-03-08T13:37:27","guid":{"rendered":"https:\/\/anthonyrojo.com\/?page_id=3795"},"modified":"2025-11-05T17:16:05","modified_gmt":"2025-11-05T16:16:05","slug":"projets-personnels","status":"publish","type":"page","link":"https:\/\/anthonyrojo.com\/?page_id=3795","title":{"rendered":"Galerie Projets-personnels"},"content":{"rendered":"\t\t<div data-elementor-type=\"wp-page\" data-elementor-id=\"3795\" class=\"elementor elementor-3795\">\n\t\t\t\t<div class=\"elementor-element elementor-element-ce30f79 e-flex e-con-boxed elementor-invisible e-con e-parent\" data-id=\"ce30f79\" data-element_type=\"container\" data-e-type=\"container\" data-settings=\"{&quot;background_background&quot;:&quot;video&quot;,&quot;background_play_on_mobile&quot;:&quot;yes&quot;,&quot;animation&quot;:&quot;fadeIn&quot;,&quot;background_video_link&quot;:&quot;https:\\\/\\\/youtu.be\\\/GWARoQJQkBg&quot;,&quot;background_video_start&quot;:8,&quot;background_video_end&quot;:16,&quot;glcr_ext_is_sticky&quot;:&quot;false&quot;}\">\n\t\t\t\t\t<div class=\"e-con-inner\">\n\t\t<div class=\"elementor-background-video-container\">\n\t\t\t\t\t\t\t<div class=\"elementor-background-video-embed\" role=\"presentation\"><\/div>\n\t\t\t\t\t\t<\/div>\t\t\t<\/div>\n\t\t\t\t<\/div>\n\t\t<div class=\"elementor-element elementor-element-de7a441 e-flex e-con-boxed e-con e-parent\" data-id=\"de7a441\" data-element_type=\"container\" data-e-type=\"container\" data-settings=\"{&quot;background_background&quot;:&quot;classic&quot;,&quot;glcr_ext_is_sticky&quot;:&quot;false&quot;}\">\n\t\t\t\t\t<div class=\"e-con-inner\">\n\t\t<div class=\"elementor-element elementor-element-44f0c3e e-con-full e-flex e-con e-child\" data-id=\"44f0c3e\" data-element_type=\"container\" data-e-type=\"container\" data-settings=\"{&quot;glcr_ext_is_sticky&quot;:&quot;false&quot;}\">\n\t\t\t\t<div class=\"elementor-element elementor-element-0343a96 elementor-invisible elementor-widget elementor-widget-image\" data-id=\"0343a96\" data-element_type=\"widget\" data-e-type=\"widget\" data-settings=\"{&quot;_animation&quot;:&quot;fadeInUp&quot;,&quot;glcr_ext_is_infinite&quot;:&quot;false&quot;,&quot;glcr_ext_is_scrollme&quot;:&quot;false&quot;}\" data-widget_type=\"image.default\">\n\t\t\t\t<div class=\"elementor-widget-container\">\n\t\t\t\t\t\t\t\t\t\t\t\t\t\t\t<img fetchpriority=\"high\" decoding=\"async\" width=\"512\" height=\"512\" src=\"https:\/\/anthonyrojo.com\/wp-content\/uploads\/2024\/03\/cropped-Logo-Anthony-Rojo-Photographe-Bordeaux3.png\" class=\"attachment-large size-large wp-image-2445\" alt=\"\" srcset=\"https:\/\/anthonyrojo.com\/wp-content\/uploads\/2024\/03\/cropped-Logo-Anthony-Rojo-Photographe-Bordeaux3.png 512w, https:\/\/anthonyrojo.com\/wp-content\/uploads\/2024\/03\/cropped-Logo-Anthony-Rojo-Photographe-Bordeaux3-300x300.png 300w, https:\/\/anthonyrojo.com\/wp-content\/uploads\/2024\/03\/cropped-Logo-Anthony-Rojo-Photographe-Bordeaux3-150x150.png 150w, https:\/\/anthonyrojo.com\/wp-content\/uploads\/2024\/03\/cropped-Logo-Anthony-Rojo-Photographe-Bordeaux3-90x90.png 90w, https:\/\/anthonyrojo.com\/wp-content\/uploads\/2024\/03\/cropped-Logo-Anthony-Rojo-Photographe-Bordeaux3-270x270.png 270w, https:\/\/anthonyrojo.com\/wp-content\/uploads\/2024\/03\/cropped-Logo-Anthony-Rojo-Photographe-Bordeaux3-192x192.png 192w, https:\/\/anthonyrojo.com\/wp-content\/uploads\/2024\/03\/cropped-Logo-Anthony-Rojo-Photographe-Bordeaux3-180x180.png 180w, https:\/\/anthonyrojo.com\/wp-content\/uploads\/2024\/03\/cropped-Logo-Anthony-Rojo-Photographe-Bordeaux3-32x32.png 32w\" sizes=\"(max-width: 512px) 100vw, 512px\" \/>\t\t\t\t\t\t\t\t\t\t\t\t\t\t\t<\/div>\n\t\t\t\t<\/div>\n\t\t\t\t<div class=\"elementor-element elementor-element-87b82ad glcr-title-align-center glcr-title-orientation--horizontal elementor-widget elementor-widget-glcr_title\" data-id=\"87b82ad\" data-element_type=\"widget\" data-e-type=\"widget\" data-settings=\"{&quot;glcr_ext_is_infinite&quot;:&quot;false&quot;,&quot;glcr_ext_is_scrollme&quot;:&quot;false&quot;}\" data-widget_type=\"glcr_title.default\">\n\t\t\t\t<div class=\"elementor-widget-container\">\n\t\t\t\t\t<div class=\"glcr-title glcr-title-default glcr-scroll--load\"><h2 class=\"glcr-title-heading\">Galerie projets personnels<\/h2><div class=\"glcr-title-desc\">\u00c0 l'origine na\u00eet une id\u00e9e, qui \u00e9volue au fil des rencontres et se d\u00e9veloppe \u00e0 travers des collaborations !<\/div><\/div>\t\t\t\t<\/div>\n\t\t\t\t<\/div>\n\t\t\t\t<div class=\"elementor-element elementor-element-3e76a27 glcr-title-align-center glcr-title-orientation--horizontal elementor-widget elementor-widget-glcr_title\" data-id=\"3e76a27\" data-element_type=\"widget\" data-e-type=\"widget\" data-settings=\"{&quot;glcr_ext_is_infinite&quot;:&quot;false&quot;,&quot;glcr_ext_is_scrollme&quot;:&quot;false&quot;}\" data-widget_type=\"glcr_title.default\">\n\t\t\t\t<div class=\"elementor-widget-container\">\n\t\t\t\t\t<div class=\"glcr-title glcr-title- glcr-scroll--load\"><div class=\"glcr-title-desc\">Projets personnels ou commandes d'expositions, voici mes cr\u00e9ations photographiques r\u00e9alis\u00e9es en toute libert\u00e9.<\/div><\/div>\t\t\t\t<\/div>\n\t\t\t\t<\/div>\n\t\t\t\t<\/div>\n\t\t\t\t\t<\/div>\n\t\t\t\t<\/div>\n\t\t<div class=\"elementor-element elementor-element-ab31cc7 e-flex e-con-boxed elementor-invisible e-con e-parent\" data-id=\"ab31cc7\" data-element_type=\"container\" data-e-type=\"container\" data-settings=\"{&quot;animation&quot;:&quot;fadeInUp&quot;,&quot;glcr_ext_is_sticky&quot;:&quot;false&quot;}\">\n\t\t\t\t\t<div class=\"e-con-inner\">\n\t\t<div class=\"elementor-element elementor-element-03e3832 e-con-full e-flex e-con e-child\" data-id=\"03e3832\" data-element_type=\"container\" data-e-type=\"container\" data-settings=\"{&quot;glcr_ext_is_sticky&quot;:&quot;false&quot;}\">\n\t\t\t\t<div class=\"elementor-element elementor-element-20477a0 elementor-widget elementor-widget-image\" data-id=\"20477a0\" data-element_type=\"widget\" data-e-type=\"widget\" data-settings=\"{&quot;glcr_ext_is_infinite&quot;:&quot;false&quot;,&quot;glcr_ext_is_scrollme&quot;:&quot;false&quot;}\" data-widget_type=\"image.default\">\n\t\t\t\t<div class=\"elementor-widget-container\">\n\t\t\t\t\t\t\t\t\t\t\t\t\t\t\t\t<a href=\"https:\/\/anthonyrojo.com\/?page_id=3469\">\n\t\t\t\t\t\t\t<img decoding=\"async\" width=\"820\" height=\"1024\" data-src=\"https:\/\/anthonyrojo.com\/wp-content\/uploads\/2024\/03\/1-820x1024.jpg\" class=\"attachment-large size-large wp-image-3827 lazyload\" alt=\"\" data-srcset=\"https:\/\/anthonyrojo.com\/wp-content\/uploads\/2024\/03\/1-820x1024.jpg 820w, https:\/\/anthonyrojo.com\/wp-content\/uploads\/2024\/03\/1-240x300.jpg 240w, https:\/\/anthonyrojo.com\/wp-content\/uploads\/2024\/03\/1-768x959.jpg 768w, https:\/\/anthonyrojo.com\/wp-content\/uploads\/2024\/03\/1.jpg 1140w\" data-sizes=\"(max-width: 820px) 100vw, 820px\" src=\"data:image\/svg+xml;base64,PHN2ZyB3aWR0aD0iMSIgaGVpZ2h0PSIxIiB4bWxucz0iaHR0cDovL3d3dy53My5vcmcvMjAwMC9zdmciPjwvc3ZnPg==\" style=\"--smush-placeholder-width: 820px; --smush-placeholder-aspect-ratio: 820\/1024;\" \/>\t\t\t\t\t\t\t\t<\/a>\n\t\t\t\t\t\t\t\t\t\t\t\t\t\t\t<\/div>\n\t\t\t\t<\/div>\n\t\t\t\t<div class=\"elementor-element elementor-element-3d3ebfd glcr-title-align-center glcr-title-orientation--horizontal elementor-widget elementor-widget-glcr_title\" data-id=\"3d3ebfd\" data-element_type=\"widget\" data-e-type=\"widget\" data-settings=\"{&quot;glcr_ext_is_infinite&quot;:&quot;false&quot;,&quot;glcr_ext_is_scrollme&quot;:&quot;false&quot;}\" data-widget_type=\"glcr_title.default\">\n\t\t\t\t<div class=\"elementor-widget-container\">\n\t\t\t\t\t<div class=\"glcr-title glcr-title-default glcr-scroll--load\"><h6 class=\"glcr-title-heading\"><a href=\"https:\/\/anthonyrojo.com\/?page_id=3469\">Il etait une fois...<\/a><\/h6><\/div>\t\t\t\t<\/div>\n\t\t\t\t<\/div>\n\t\t\t\t<div class=\"elementor-element elementor-element-2f12cb0 glcr-circle-button-left elementor-widget elementor-widget-glcr_circle_button\" data-id=\"2f12cb0\" data-element_type=\"widget\" data-e-type=\"widget\" data-settings=\"{&quot;glcr_ext_is_infinite&quot;:&quot;false&quot;,&quot;glcr_ext_is_scrollme&quot;:&quot;false&quot;}\" data-widget_type=\"glcr_circle_button.default\">\n\t\t\t\t<div class=\"elementor-widget-container\">\n\t\t\t\t\t<div class=\"glcr-circle-button swm-hide-none\">\n            <a href=\"https:\/\/anthonyrojo.com\/?page_id=3469\" class=\"glcr-circle-button-arrow\"><\/a>\n            <a href=\"https:\/\/anthonyrojo.com\/?page_id=3469\" class=\"glcr-circle-button-text\"><\/a>\n        <\/div><div class=\"clear\"><\/div>\t\t\t\t<\/div>\n\t\t\t\t<\/div>\n\t\t\t\t<\/div>\n\t\t<div class=\"elementor-element elementor-element-1df0693 e-con-full e-flex e-con e-child\" data-id=\"1df0693\" data-element_type=\"container\" data-e-type=\"container\" data-settings=\"{&quot;glcr_ext_is_sticky&quot;:&quot;false&quot;}\">\n\t\t\t\t<div class=\"elementor-element elementor-element-2a57fb8 elementor-widget elementor-widget-image\" data-id=\"2a57fb8\" data-element_type=\"widget\" data-e-type=\"widget\" data-settings=\"{&quot;glcr_ext_is_infinite&quot;:&quot;false&quot;,&quot;glcr_ext_is_scrollme&quot;:&quot;false&quot;}\" data-widget_type=\"image.default\">\n\t\t\t\t<div class=\"elementor-widget-container\">\n\t\t\t\t\t\t\t\t\t\t\t\t\t\t\t\t<a href=\"https:\/\/anthonyrojo.com\/?page_id=2842\">\n\t\t\t\t\t\t\t<img decoding=\"async\" width=\"819\" height=\"1024\" data-src=\"https:\/\/anthonyrojo.com\/wp-content\/uploads\/2024\/03\/2-819x1024.jpg\" class=\"attachment-large size-large wp-image-3828 lazyload\" alt=\"\" data-srcset=\"https:\/\/anthonyrojo.com\/wp-content\/uploads\/2024\/03\/2-819x1024.jpg 819w, https:\/\/anthonyrojo.com\/wp-content\/uploads\/2024\/03\/2-240x300.jpg 240w, https:\/\/anthonyrojo.com\/wp-content\/uploads\/2024\/03\/2-768x960.jpg 768w, https:\/\/anthonyrojo.com\/wp-content\/uploads\/2024\/03\/2-1229x1536.jpg 1229w, https:\/\/anthonyrojo.com\/wp-content\/uploads\/2024\/03\/2.jpg 1404w\" data-sizes=\"(max-width: 819px) 100vw, 819px\" src=\"data:image\/svg+xml;base64,PHN2ZyB3aWR0aD0iMSIgaGVpZ2h0PSIxIiB4bWxucz0iaHR0cDovL3d3dy53My5vcmcvMjAwMC9zdmciPjwvc3ZnPg==\" style=\"--smush-placeholder-width: 819px; --smush-placeholder-aspect-ratio: 819\/1024;\" \/>\t\t\t\t\t\t\t\t<\/a>\n\t\t\t\t\t\t\t\t\t\t\t\t\t\t\t<\/div>\n\t\t\t\t<\/div>\n\t\t\t\t<div class=\"elementor-element elementor-element-3f1c999 glcr-title-align-center glcr-title-orientation--horizontal elementor-widget elementor-widget-glcr_title\" data-id=\"3f1c999\" data-element_type=\"widget\" data-e-type=\"widget\" data-settings=\"{&quot;glcr_ext_is_infinite&quot;:&quot;false&quot;,&quot;glcr_ext_is_scrollme&quot;:&quot;false&quot;}\" data-widget_type=\"glcr_title.default\">\n\t\t\t\t<div class=\"elementor-widget-container\">\n\t\t\t\t\t<div class=\"glcr-title glcr-title-default glcr-scroll--load\"><h6 class=\"glcr-title-heading\"><a href=\"https:\/\/anthonyrojo.com\/?page_id=2842\">Improbabilis<\/a><\/h6><\/div>\t\t\t\t<\/div>\n\t\t\t\t<\/div>\n\t\t\t\t<div class=\"elementor-element elementor-element-a65b1e5 glcr-circle-button-left elementor-invisible elementor-widget elementor-widget-glcr_circle_button\" data-id=\"a65b1e5\" data-element_type=\"widget\" data-e-type=\"widget\" data-settings=\"{&quot;_animation&quot;:&quot;fadeInUp&quot;,&quot;glcr_ext_is_infinite&quot;:&quot;false&quot;,&quot;glcr_ext_is_scrollme&quot;:&quot;false&quot;}\" data-widget_type=\"glcr_circle_button.default\">\n\t\t\t\t<div class=\"elementor-widget-container\">\n\t\t\t\t\t<div class=\"glcr-circle-button swm-hide-none\">\n            <a href=\"https:\/\/anthonyrojo.com\/?page_id=2842\" class=\"glcr-circle-button-arrow\"><\/a>\n            <a href=\"https:\/\/anthonyrojo.com\/?page_id=2842\" class=\"glcr-circle-button-text\"><\/a>\n        <\/div><div class=\"clear\"><\/div>\t\t\t\t<\/div>\n\t\t\t\t<\/div>\n\t\t\t\t<\/div>\n\t\t<div class=\"elementor-element elementor-element-b59dc78 e-con-full e-flex e-con e-child\" data-id=\"b59dc78\" data-element_type=\"container\" data-e-type=\"container\" data-settings=\"{&quot;glcr_ext_is_sticky&quot;:&quot;false&quot;}\">\n\t\t\t\t<div class=\"elementor-element elementor-element-c308bbe elementor-widget elementor-widget-image\" data-id=\"c308bbe\" data-element_type=\"widget\" data-e-type=\"widget\" data-settings=\"{&quot;glcr_ext_is_infinite&quot;:&quot;false&quot;,&quot;glcr_ext_is_scrollme&quot;:&quot;false&quot;}\" data-widget_type=\"image.default\">\n\t\t\t\t<div class=\"elementor-widget-container\">\n\t\t\t\t\t\t\t\t\t\t\t\t\t\t\t\t<a href=\"https:\/\/anthonyrojo.com\/?page_id=6794\">\n\t\t\t\t\t\t\t<img decoding=\"async\" width=\"819\" height=\"1024\" data-src=\"https:\/\/anthonyrojo.com\/wp-content\/uploads\/2025\/11\/5-Vignette-galerie-819x1024.jpg\" class=\"attachment-large size-large wp-image-7111 lazyload\" alt=\"\" data-srcset=\"https:\/\/anthonyrojo.com\/wp-content\/uploads\/2025\/11\/5-Vignette-galerie-819x1024.jpg 819w, https:\/\/anthonyrojo.com\/wp-content\/uploads\/2025\/11\/5-Vignette-galerie-240x300.jpg 240w, https:\/\/anthonyrojo.com\/wp-content\/uploads\/2025\/11\/5-Vignette-galerie-768x960.jpg 768w, https:\/\/anthonyrojo.com\/wp-content\/uploads\/2025\/11\/5-Vignette-galerie-1229x1536.jpg 1229w, https:\/\/anthonyrojo.com\/wp-content\/uploads\/2025\/11\/5-Vignette-galerie.jpg 1404w\" data-sizes=\"(max-width: 819px) 100vw, 819px\" src=\"data:image\/svg+xml;base64,PHN2ZyB3aWR0aD0iMSIgaGVpZ2h0PSIxIiB4bWxucz0iaHR0cDovL3d3dy53My5vcmcvMjAwMC9zdmciPjwvc3ZnPg==\" style=\"--smush-placeholder-width: 819px; --smush-placeholder-aspect-ratio: 819\/1024;\" \/>\t\t\t\t\t\t\t\t<\/a>\n\t\t\t\t\t\t\t\t\t\t\t\t\t\t\t<\/div>\n\t\t\t\t<\/div>\n\t\t\t\t<div class=\"elementor-element elementor-element-58b9645 glcr-title-align-center glcr-title-orientation--horizontal elementor-widget elementor-widget-glcr_title\" data-id=\"58b9645\" data-element_type=\"widget\" data-e-type=\"widget\" data-settings=\"{&quot;glcr_ext_is_infinite&quot;:&quot;false&quot;,&quot;glcr_ext_is_scrollme&quot;:&quot;false&quot;}\" data-widget_type=\"glcr_title.default\">\n\t\t\t\t<div class=\"elementor-widget-container\">\n\t\t\t\t\t<div class=\"glcr-title glcr-title-default glcr-scroll--load\"><h6 class=\"glcr-title-heading\"><a href=\"https:\/\/anthonyrojo.com\/?page_id=6794\">Passions singuli\u00e8res, un autre regard sur l'autisme<\/a><\/h6><\/div>\t\t\t\t<\/div>\n\t\t\t\t<\/div>\n\t\t\t\t<div class=\"elementor-element elementor-element-be96de4 glcr-circle-button-left elementor-invisible elementor-widget elementor-widget-glcr_circle_button\" data-id=\"be96de4\" data-element_type=\"widget\" data-e-type=\"widget\" data-settings=\"{&quot;_animation&quot;:&quot;fadeInUp&quot;,&quot;glcr_ext_is_infinite&quot;:&quot;false&quot;,&quot;glcr_ext_is_scrollme&quot;:&quot;false&quot;}\" data-widget_type=\"glcr_circle_button.default\">\n\t\t\t\t<div class=\"elementor-widget-container\">\n\t\t\t\t\t<div class=\"glcr-circle-button swm-hide-none\">\n            <a href=\"https:\/\/anthonyrojo.com\/?page_id=2842\" class=\"glcr-circle-button-arrow\"><\/a>\n            <a href=\"https:\/\/anthonyrojo.com\/?page_id=2842\" class=\"glcr-circle-button-text\"><\/a>\n        <\/div><div class=\"clear\"><\/div>\t\t\t\t<\/div>\n\t\t\t\t<\/div>\n\t\t\t\t<\/div>\n\t\t<div class=\"elementor-element elementor-element-30b8c5e e-con-full e-flex e-con e-child\" data-id=\"30b8c5e\" data-element_type=\"container\" data-e-type=\"container\" data-settings=\"{&quot;glcr_ext_is_sticky&quot;:&quot;false&quot;}\">\n\t\t\t\t<div class=\"elementor-element elementor-element-35b0c1b elementor-widget elementor-widget-image\" data-id=\"35b0c1b\" data-element_type=\"widget\" data-e-type=\"widget\" data-settings=\"{&quot;glcr_ext_is_infinite&quot;:&quot;false&quot;,&quot;glcr_ext_is_scrollme&quot;:&quot;false&quot;}\" data-widget_type=\"image.default\">\n\t\t\t\t<div class=\"elementor-widget-container\">\n\t\t\t\t\t\t\t\t\t\t\t\t\t\t\t\t<a href=\"https:\/\/anthonyrojo.com\/?page_id=3976\">\n\t\t\t\t\t\t\t<img decoding=\"async\" width=\"820\" height=\"1024\" data-src=\"https:\/\/anthonyrojo.com\/wp-content\/uploads\/2024\/03\/3-820x1024.jpg\" class=\"attachment-large size-large wp-image-3832 lazyload\" alt=\"\" data-srcset=\"https:\/\/anthonyrojo.com\/wp-content\/uploads\/2024\/03\/3-820x1024.jpg 820w, https:\/\/anthonyrojo.com\/wp-content\/uploads\/2024\/03\/3-240x300.jpg 240w, https:\/\/anthonyrojo.com\/wp-content\/uploads\/2024\/03\/3-768x959.jpg 768w, https:\/\/anthonyrojo.com\/wp-content\/uploads\/2024\/03\/3.jpg 1140w\" data-sizes=\"(max-width: 820px) 100vw, 820px\" src=\"data:image\/svg+xml;base64,PHN2ZyB3aWR0aD0iMSIgaGVpZ2h0PSIxIiB4bWxucz0iaHR0cDovL3d3dy53My5vcmcvMjAwMC9zdmciPjwvc3ZnPg==\" style=\"--smush-placeholder-width: 820px; --smush-placeholder-aspect-ratio: 820\/1024;\" \/>\t\t\t\t\t\t\t\t<\/a>\n\t\t\t\t\t\t\t\t\t\t\t\t\t\t\t<\/div>\n\t\t\t\t<\/div>\n\t\t\t\t<div class=\"elementor-element elementor-element-bf9c1fa glcr-title-align-center glcr-title-orientation--horizontal elementor-widget elementor-widget-glcr_title\" data-id=\"bf9c1fa\" data-element_type=\"widget\" data-e-type=\"widget\" data-settings=\"{&quot;glcr_ext_is_infinite&quot;:&quot;false&quot;,&quot;glcr_ext_is_scrollme&quot;:&quot;false&quot;}\" data-widget_type=\"glcr_title.default\">\n\t\t\t\t<div class=\"elementor-widget-container\">\n\t\t\t\t\t<div class=\"glcr-title glcr-title-default glcr-scroll--load\"><h6 class=\"glcr-title-heading\"><a href=\"https:\/\/anthonyrojo.com\/?page_id=3976\">Ambre & Lumiere<\/a><\/h6><\/div>\t\t\t\t<\/div>\n\t\t\t\t<\/div>\n\t\t\t\t<div class=\"elementor-element elementor-element-ab609a4 glcr-circle-button-left elementor-invisible elementor-widget elementor-widget-glcr_circle_button\" data-id=\"ab609a4\" data-element_type=\"widget\" data-e-type=\"widget\" data-settings=\"{&quot;_animation&quot;:&quot;fadeInUp&quot;,&quot;glcr_ext_is_infinite&quot;:&quot;false&quot;,&quot;glcr_ext_is_scrollme&quot;:&quot;false&quot;}\" data-widget_type=\"glcr_circle_button.default\">\n\t\t\t\t<div class=\"elementor-widget-container\">\n\t\t\t\t\t<div class=\"glcr-circle-button swm-hide-none\">\n            <a href=\"https:\/\/anthonyrojo.com\/?page_id=3976\" class=\"glcr-circle-button-arrow\"><\/a>\n            <a href=\"https:\/\/anthonyrojo.com\/?page_id=3976\" class=\"glcr-circle-button-text\"><\/a>\n        <\/div><div class=\"clear\"><\/div>\t\t\t\t<\/div>\n\t\t\t\t<\/div>\n\t\t\t\t<\/div>\n\t\t<div class=\"elementor-element elementor-element-b2a9514 e-con-full e-flex e-con e-child\" data-id=\"b2a9514\" data-element_type=\"container\" data-e-type=\"container\" data-settings=\"{&quot;glcr_ext_is_sticky&quot;:&quot;false&quot;}\">\n\t\t\t\t<div class=\"elementor-element elementor-element-ee3c43e elementor-widget elementor-widget-image\" data-id=\"ee3c43e\" data-element_type=\"widget\" data-e-type=\"widget\" data-settings=\"{&quot;glcr_ext_is_infinite&quot;:&quot;false&quot;,&quot;glcr_ext_is_scrollme&quot;:&quot;false&quot;}\" data-widget_type=\"image.default\">\n\t\t\t\t<div class=\"elementor-widget-container\">\n\t\t\t\t\t\t\t\t\t\t\t\t\t\t\t\t<a href=\"https:\/\/anthonyrojo.com\/?page_id=3517\">\n\t\t\t\t\t\t\t<img decoding=\"async\" width=\"819\" height=\"1024\" data-src=\"https:\/\/anthonyrojo.com\/wp-content\/uploads\/2024\/03\/4-819x1024.jpg\" class=\"attachment-large size-large wp-image-3829 lazyload\" alt=\"\" data-srcset=\"https:\/\/anthonyrojo.com\/wp-content\/uploads\/2024\/03\/4-819x1024.jpg 819w, https:\/\/anthonyrojo.com\/wp-content\/uploads\/2024\/03\/4-240x300.jpg 240w, https:\/\/anthonyrojo.com\/wp-content\/uploads\/2024\/03\/4-768x960.jpg 768w, https:\/\/anthonyrojo.com\/wp-content\/uploads\/2024\/03\/4.jpg 1088w\" data-sizes=\"(max-width: 819px) 100vw, 819px\" src=\"data:image\/svg+xml;base64,PHN2ZyB3aWR0aD0iMSIgaGVpZ2h0PSIxIiB4bWxucz0iaHR0cDovL3d3dy53My5vcmcvMjAwMC9zdmciPjwvc3ZnPg==\" style=\"--smush-placeholder-width: 819px; --smush-placeholder-aspect-ratio: 819\/1024;\" \/>\t\t\t\t\t\t\t\t<\/a>\n\t\t\t\t\t\t\t\t\t\t\t\t\t\t\t<\/div>\n\t\t\t\t<\/div>\n\t\t\t\t<div class=\"elementor-element elementor-element-29c39ae glcr-title-align-center glcr-title-orientation--horizontal elementor-widget elementor-widget-glcr_title\" data-id=\"29c39ae\" data-element_type=\"widget\" data-e-type=\"widget\" data-settings=\"{&quot;glcr_ext_is_infinite&quot;:&quot;false&quot;,&quot;glcr_ext_is_scrollme&quot;:&quot;false&quot;}\" data-widget_type=\"glcr_title.default\">\n\t\t\t\t<div class=\"elementor-widget-container\">\n\t\t\t\t\t<div class=\"glcr-title glcr-title-default glcr-scroll--load\"><h6 class=\"glcr-title-heading\"><a href=\"https:\/\/anthonyrojo.com\/?page_id=3517\">Pluri[elles]<\/a><\/h6><\/div>\t\t\t\t<\/div>\n\t\t\t\t<\/div>\n\t\t\t\t<div class=\"elementor-element elementor-element-04ed178 glcr-circle-button-left elementor-invisible elementor-widget elementor-widget-glcr_circle_button\" data-id=\"04ed178\" data-element_type=\"widget\" data-e-type=\"widget\" data-settings=\"{&quot;_animation&quot;:&quot;fadeInUp&quot;,&quot;glcr_ext_is_infinite&quot;:&quot;false&quot;,&quot;glcr_ext_is_scrollme&quot;:&quot;false&quot;}\" data-widget_type=\"glcr_circle_button.default\">\n\t\t\t\t<div class=\"elementor-widget-container\">\n\t\t\t\t\t<div class=\"glcr-circle-button swm-hide-none\">\n            <a href=\"https:\/\/anthonyrojo.com\/?page_id=3517\" class=\"glcr-circle-button-arrow\"><\/a>\n            <a href=\"https:\/\/anthonyrojo.com\/?page_id=3517\" class=\"glcr-circle-button-text\"><\/a>\n        <\/div><div class=\"clear\"><\/div>\t\t\t\t<\/div>\n\t\t\t\t<\/div>\n\t\t\t\t<\/div>\n\t\t\t\t\t<\/div>\n\t\t\t\t<\/div>\n\t\t\t\t<\/div>\n\t\t","protected":false},"excerpt":{"rendered":"<p>Galerie projets personnels \u00c0 l&rsquo;origine na\u00eet une id\u00e9e, qui \u00e9volue au fil des rencontres et se d\u00e9veloppe \u00e0 travers des collaborations ! Projets personnels ou commandes d&rsquo;expositions, voici mes cr\u00e9ations photographiques r\u00e9alis\u00e9es en toute libert\u00e9. Il etait une fois&#8230; Improbabilis Passions singuli\u00e8res, un autre regard sur l&rsquo;autisme Ambre &#038; Lumiere [&hellip;]<\/p>\n","protected":false},"author":1,"featured_media":0,"parent":0,"menu_order":0,"comment_status":"closed","ping_status":"closed","template":"elementor_header_footer","meta":{"footnotes":""},"class_list":["post-3795","page","type-page","status-publish","hentry"],"_links":{"self":[{"href":"https:\/\/anthonyrojo.com\/index.php?rest_route=\/wp\/v2\/pages\/3795","targetHints":{"allow":["GET"]}}],"collection":[{"href":"https:\/\/anthonyrojo.com\/index.php?rest_route=\/wp\/v2\/pages"}],"about":[{"href":"https:\/\/anthonyrojo.com\/index.php?rest_route=\/wp\/v2\/types\/page"}],"author":[{"embeddable":true,"href":"https:\/\/anthonyrojo.com\/index.php?rest_route=\/wp\/v2\/users\/1"}],"replies":[{"embeddable":true,"href":"https:\/\/anthonyrojo.com\/index.php?rest_route=%2Fwp%2Fv2%2Fcomments&post=3795"}],"version-history":[{"count":155,"href":"https:\/\/anthonyrojo.com\/index.php?rest_route=\/wp\/v2\/pages\/3795\/revisions"}],"predecessor-version":[{"id":7126,"href":"https:\/\/anthonyrojo.com\/index.php?rest_route=\/wp\/v2\/pages\/3795\/revisions\/7126"}],"wp:attachment":[{"href":"https:\/\/anthonyrojo.com\/index.php?rest_route=%2Fwp%2Fv2%2Fmedia&parent=3795"}],"curies":[{"name":"wp","href":"https:\/\/api.w.org\/{rel}","templated":true}]}}